 be the first derivative of 1/3*d**3 + 1/2*d**2 + d - f + 5/4*d**4. Calculate q(-1).
-4
Let l(w) = 3*w + 4. Let v be l(-4). Let p be v/(-12)*(-15)/(-2). Let q(n) = p*n**2 - n**3 + 2*n**3 + 6*n - 2*n. Determine q(-3).
6
Let z(i) = -5*i**3 + 4*i**3 - 6*i + 0*i**2 + 5*i**2. Let v(n) = -2*n**3 - 2*n**2 + n - 2. Let m be v(-2). Determine z(m).
-8
Let b = -5 - -9. Let m(j) = -b*j + 3 - j + 3 + 4*j. Give m(5).
1
Let n(a) = -a**2 - 3*a + 4. Let o = 85 - 129. Let t be (3 - o/(-12))*6. Give n(t).
0
Let y = 18 - -2. Suppose y = z - 5*z. Let a(v) be the second derivative of v**5/20 + v**4/3 - 5*v**3/6 + 2*v**2 - v. Give a(z).
4
Let x be 24/(-2)*(-3)/6. Let c(p) = 4 + 3*p + 1 - x + 0*p - p**2. What is c(4)?
-5
Let d be (8 - 0) + 1*-2. Let a(z) = 6*z**3 + 59*z + 4 - 5*z**3 - 6*z**2 - 59*z. What is a(d)?
4
Let i be 3 + -3 + 3 - -1. Let z(x) = -x**3 + 5*x**2 - 6*x. What is z(i)?
-8
Suppose 6 - 3 = 3*j. Let w(n) = -8*n + 12. Let o(p) = -p + 1. Let b(q) = j*w(q) - 12*o(q). Give b(2).
8
Let a(k) = -2*k - 5. Let i(w) = w**3 + 3*w**2 - 2*w + 4. Let x be i(-4). What is a(x)?
3
Let q(l) = l + 2*l - 9*l**2 - l + 2*l**2. What is q(2)?
-24
Let u(r) be the first derivative of -r**3/3 + 3*r**2/2 - 3*r - 1. Suppose 5*d = -4*l + 21, -4*l + 6*l - d = 7. Calculate u(l).
-7
Suppose 9*z - 4*z - 26 = -4*f, 4*f - 14 = -3*z. Let j = z - 4. Let l(i) be the second derivative of i**4/12 - i**2 + 3*i. Give l(j).
2
Let k(c) = 0*c + 5*c + 5*c**3 - 6*c**2 - 1 - 4*c**3. What is k(5)?
-1
Suppose m = -h + 9, -6*m + 4*h - 31 = -9*m. Let v(j) be the second derivative of -j**4/12 + 2*j**3/3 + j. Determine v(m).
-5
Let q(g) = g**3 + 2*g**2 - 2. Let x be q(-2). Let a(m) be the second derivative of m**5/10 + m**4/3 + m**3/6 - m**2 + m. What is a(x)?
-4
Let y(t) = 0*t**2 - t**2 - 7*t + 19 - 15. Calculate y(-8).
-4
Let f(t) = -4 - 7 + 4*t - 14*t. Let r(v) = -3*v - 4. Let u(n) = -3*f(n) + 8*r(n). Calculate u(1).
7
Let l = -2 + 1. Let a(v) = 8*v. Let u(m) = 7*m. Let h(f) = 5*a(f) - 6*u(f). Calculate h(l).
2
Let z(u) = u**2 + u - 1. Let q(j) = -3*j**2 - 4*j. Let p(y) = q(y) + 2*z(y). Suppose -4*o + 10 = t - 0*o, -12 = 3*t - 2*o. Give p(t).
-2
Suppose 0 = -2*c - 2, -c - 10 = -2*i + 11. Let r = i + -8. Let y(v) be the first derivative of -v**4/2 + 4*v**3/3 - v**2 - v + 1. Give y(r).
-5
Let z(s) be the first derivative of -5*s + 1/2*s**2 + 6. Calculate z(6).
1
Let x(p) = -2*p + 1. Let a be (-9)/(-3) + -4 - -2. Determine x(a).
-1
Let k(d) = d - 5. Let o be 70/(-12) - (-1)/(-6). What is k(o)?
-11
Let h(y) = 148*y**2 + 6*y - 76*y**2 + 4 - 71*y**2. Let k = -13 + 8. Give h(k).
-1
Let g(m) be the second derivative of -m**5/20 + 2*m**4/3 + m**3/6 - 2*m**2 + 11*m. Determine g(8).
4
Let a(s) = -s**3 + 3*s**2 + 5*s. Suppose 4*y = 9*y - 15. Suppose -7*p + y*p = -16. Calculate a(p).
4
Let o(a) = -a**2 - 7*a + 4. Suppose 0 = -2*c + 10*c + 48. What is o(c)?
10
Suppose 0 = -5*d + 5*f + 50, 6 + 9 = -2*d - 5*f. Suppose -d*s + 2*s + 15 = 0. Let v(u) = 5*u - 2. Let p(n) = -4*n + 1. Let i(g) = -4*p(g) - 3*v(g). Give i(s).
7
Suppose 4*h = t + 12, 0*h + 24 = 4*t + 2*h. Let s(v) = -v + 3 + 1 + 1. Calculate s(t).
1
Let h = 7 + 0. Let a(i) = 2 - h - i + 3. Let r be 6/4*(3 - 1). Give a(r).
-5
Let d(y) = -138*y + 4*y**2 - 3 + y**3 + 70*y + 66*y. Suppose 49 - 14 = 5*k. Suppose 3*b = x + 16, 4*b - 9 = k. Determine d(x).
5
Let u(k) = -k + 13. Let f be u(9). Suppose -2*t + f = 2*t. Let a(m) = 5*m**3 + 2*m - 1. Give a(t).
6
Let x(w) be the first derivative of w**3/3 + w**2/2 - 6*w - 3. Let n be (-5)/(-3) - (-4)/(-6). Let g(m) = m - 1. Let a(f) = n*x(f) - 6*g(f). What is a(3)?
-6
Let m(g) be the second derivative of -g**5/20 + g**4/12 - 2*g**2 - 2*g. Let n = 10 - 10. What is m(n)?
-4
Let d(z) = z**3 + 6*z**2 - z - 1. Suppose 0 = -h - 9 + 3. Calculate d(h).
5
Let n be 24*(-5 - -2)/(-6). Suppose 0 = -5*w + 8 + n. Let k(u) = 4*u - w*u + u + 1 + 2. What is k(-2)?
1
Let z be -4 - 4/((-8)/6). Let h(y) = 9*y**3 + 5*y**2 - y - 5. Let r(k) = -k**3 - k**2 + 1. Let n(f) = h(f) + 4*r(f). What is n(z)?
-4
Let u be -1*(3 - (6 - 3))*1. Let w(c) be the second derivative of c**3/6 + c**2 - c. Determine w(u).
2
Let d(t) be the third derivative of t**6/40 + t**5/120 + t**3/3 - t**2. Let q(h) be the first derivative of d(h). Calculate q(-1).
8
Let h(v) = 3*v**3 + 783*v**2 + 4 + 7*v - 786*v**2 + 2 - 4*v**3. Calculate h(-4).
-6
Let r(t) = -4 - 3*t + 4 + 5 + 0. Give r(6).
-13
Let p(u) be the first derivative of 13*u**2/2 + 30. Give p(-1).
-13
Let k(u) be the first derivative of -u**5/120 - u**4/6 + 8*u**3/3 - 5. Let i(g) be the third derivative of k(g). Give i(-4).
0
Suppose -5*l + 20 = 5*h, 3*h = -4*l + 5*h + 16. Suppose 4*v + 2*g - l = 0, 20 = -0*g - 5*g. Let z(w) = w - 5. Determine z(v).
-2
Let i(v) = 8*v - 7. Let n(f) = -7*f + 7. Let a(h) = -6*i(h) - 7*n(h). Let r be a(4). Let l(s) = 3 - 2*s + 2 - 4. What is l(r)?
7
Let z(m) = -4*m + 1. Let g(n) = 11*n - 3. Let o(x) = 3*g(x) + 8*z(x). Let d(j) = -2*j + 2. Let h(v) = -2*d(v) - 7*o(v). Calculate h(3).
-6
Let u(r) be the third derivative of -r**4/24 + r**3 + 36*r**2. Calculate u(3).
3
Let r be ((-2)/(-4))/((-2)/16). Let o(n) = -2*n + 1. Let t(b) = -b + 1. Let z(v) = v**2 - 12*v - 15. Let p be z(13). Let h(m) = p*o(m) + 3*t(m). Calculate h(r).
-3
Let y(w) = -w**3 - 3*w**2 - 4*w - 2. Let j = -19 + 17. Calculate y(j).
2
Let i be -2 + 7/(7/6). Let d(y) be the first derivative of 1/4*y**4 - 4*y + 4/3*y**3 + i - y**2. What is d(-4)?
4
Let v(o) be the third derivative of 0*o - 7/6*o**3 + 0 - 1/60*o**5 - 1/4*o**4 - 6*o**2. Determine v(-5).
-2
Let j be (1 + 10/(-6))/(87/261). Let s(l) = l**2 - 3*l + 2. Let b(p) = 7*p. Let w(i) = -6*i. Let c(m) = 5*b(m) + 6*w(m). Let z(g) = 3*c(g) - s(g). What is z(j)?
-6
Suppose 24 = 9*p - 5*p. Let h(z) = -z**2 + 7*z - 7. Calculate h(p).
-1
Let w(x) = 7*x**2 + x - 1. Let f be -4*3/(-24)*2. Give w(f).
7
Let f(m) = m**3 - m - 10. Let l be (-304)/72 + (-2)/(-9). Let n be (l + 4)/(2/2). What is f(n)?
-10
Let r(d) = 5*d + 18. Let q(z) = -2*z - 9. Let y(f) = -7*q(f) - 3*r(f). Let g be y(12). Let a(w) = -w**3 - 3*w**2 + 4*w + 2. What is a(g)?
-10
Let g(a) = -19*a**3 + a**2 - 5*a + 4*a + 0*a + 1. Calculate g(1).
-18
Let v(d) be the third derivative of -d**4/8 + d**3/6 - 5*d**2. Let x be (2/(-6))/((-2)/(-6)). Give v(x).
4
Let b(y) = -y**3 - y**2 + y + 7. Let d be b(0). Let g = 75 + -50. Suppose 3*f + 4 = 2*q - d, 5*q - g = 5*f. Let m(w) = w**2 - 3*w - 4. Determine m(q).
0
Let u(v) = 5*v - 9. Let a(j) = -4*j + 9. Let h(n) = -3*a(n) - 2*u(n). Let w be h(6). Let z(x) = -5*x - 4 + w + x. Calculate z(-2).
7
Let u be 24/18 + 2/3. Let a(r) = 2*r**2 - 4 - r**2 - u*r**2 - 9*r. What is a(-6)?
14
Let h(y) = -y**3 + 8*y**2 + 21*y - 9. Let r be h(10). Suppose 2*v - 7 = 5. Let f(k) = -21*k + 9. Let w(m) = -11*m + 5. Let i(g) = v*f(g) - 11*w(g). Give i(r).
-6
Let d(u) = 2*u**2 + 3*u - 1. Let h = -49 - -46. Give d(h).
8
Let w(v) be the third derivative of -1/12*v**4 + 0*v**3 + 0*v + 3*v**2 + 0. Give w(-4).
8
Let n(t) = 2*t - 3. Let f(o) = -o**2 + o + 1. Let g(j) = f(j) + n(j). Let k be g(2). Let p(h) = h**2 + h. Determine p(k).
0
Let c(i) = -4*i + i + i**2 - 2 + i. Let z be (-8)/(-3)*(-36)/(-8). Let r be 30/z*6/5. What is c(r)?
1
Suppose 2*c + 13 = 3. Let m = 1 - c. Let o(g) = g - 2. Give o(m).
4
Suppose -m - 4*m = -15. Let y = m + -5. Let u(s) = 2*s. Let z be u(y). Let r(l) = l**3 + 5*l**2 + 3*l - 2. Determine r(z).
2
Suppose 0 = 3*f - 2*g + 18, -2*f + 14 = -4*f + 2*g. Let r = -3 - f. Let t(o) = r - 2 - o - o. Give t(3).
-7
Suppose -3*f - 2 = 2*d, 3*f - 8*f - 16 = -3*d. Let b(t) = 2*t**3 - 3*t**3 - t + 2*t**3 - 7 + 5*t**d. Calculate b(-5).
-2
Let g(f) = -f + 6. Let k(b) = b**2 - 9*b + 19. Let s be k(7). Determine g(s).
1
Let s be (1 - 3)*4/(-8). Let k(z) = 7*z**3 - 6*z**2 + 6. Let w(q) = 8*q**3 - 7*q**2 + 7. Let i(r) = 6*k(r) - 5*w(r). Give i(s).
2
Let k(q) be the first derivative of 1/2*q**2 - 5*q + 2. Calculate k(4).
-1
Suppose 2*m = 5*m + y, -3 = y. Let u(f) be the third derivative of -f**4/3 - 17*f**2. Give u(m).
-8
Let y(p) = -16*p**3 + 2*p**2 - 1. Let q be y(-1). Suppose -5*t - 4*c = 10, -t + 5*c - 2*c = -q. Let s(w) = 0*w**2 - 6*w**2 + 1 + w**3 + 4*w**t. Give s(1).
0
Let g(w) = -w**3 - 4*w**2 + 2*w + 2. Let d(a) = -a**2 + 1. Let c(t) = 2*d(t) + g(t). Give c(-6).
-8
Let h be 1/(-2)*0/(-6). Let x